 -12).
20
Calculate -17 + (8 - 10) - -25.
6
Evaluate 28 - 20 - (8 + 3).
-3
What is (119 - 115) + (5 + -1 - 22)?
-14
-6 - (9 + 9 + -12 - 8)
-4
What is the value of (10 - 0) + -2 - (-492 + 488)?
12
Calculate 14 - (-6 - -18 - (-5 + 11)).
8
What is 5 - -6 - 7 - (2 + 0) - -4?
6
What is 1 + -11 - (-32 + 24)?
-2
What is the value of -6 - (-1 - 1) - ((-12 - 8) + -3)?
19
What is 0 + (-8 - -14) + 0?
6
Calculate 11 + (16 - (21 - 1)).
7
What is 12 + (-2 - (2 - 5))?
13
Calculate 1 - ((9 - (3 + -1)) + -4).
-2
Calculate 15 + 1 + -14 + -4 + 9.
7
What is -1 + -25 + 28 + 16?
18
Calculate (60 + -24 - 13) + (1 - (1 + 5)).
18
Evaluate 2 - ((-9 - -6 - (1 - 0)) + 2).
4
What is -1 + -6 - (27 + -21 + -12)?
-1
Evaluate (-6 - (6 - (0 - (6 - 7)))) + -2.
-13
Evaluate 12 + (-1 + 7 - 9).
9
What is (24 - -6 - 11) + 3?
22
-2 - ((-22 - -13) + 13) - -1
-5
(-9 - 0 - (-93 - -63)) + -9
12
Evaluate (-31 - -21) + -1 + 29 - 10.
8
What is 11 - 5 - -25 - 3 - (23 - 23)?
28
Calculate 10 - ((50 - (17 + -7 - -1)) + 3).
-32
What is -18 - (-31 + 4 + 23)?
-14
What is (19 - (12 + 9 + -13)) + (-24 - -1)?
-12
Evaluate -6 + (7 - 3 - 3) + -3.
-8
What is the value of 2 - (9 + -8 + -3)?
4
Evaluate 7 + (-8 + -10 - (1 + -1)).
-11
(-12 - (16 - 31)) + 0
3
What is -9 - (7 + 6 + -8)?
-14
Evaluate -12 + (6 + 17 - 13).
-2
Calculate 20 + (19 - 10 - 22).
7
Evaluate 2 + 4 + (-1 - 12) + (98 - 112).
-21
What is -360 + 359 - (-1 + 1 - -12)?
-13
Evaluate 4 - -6 - (-30 + 48 + (-2 - -4)).
-10
What is (34 - 2) + 0 + (-6 - 12)?
14
(0 - -2) + (28 - (10 + 15))
5
Calculate 21 + (18 - 8) + -18 - (1 + 2).
10
15 + -7 + (10 - 7) + -3
8
What is the value of (-21 - -14) + 8 + 6 - (21 + -1)?
-13
What is the value of 53 + -56 - (-14 - -3)?
8
What is 18 + 13 + -2 + (1 - (-4 - -9))?
25
What is the value of (-5 - (4 + 9 + -6)) + -9?
-21
What is the value of 215 + -228 + 2 + 0 + (-2 - 5)?
-18
What is 9 - 1 - 18 - -13?
3
Calculate 35 - (-22 + -2 + 38).
21
Calculate 17 + 0 - (-6 - 21 - -37).
7
Evaluate (0 - ((-4 - -12) + 2)) + -1.
-11
-27 + (12 - -10) + 8
3
What is the value of 1 + -27 - (-806 - -777)?
3
What is -9 - (5 + 1 + 5 + -6) - -4?
-10
Evaluate 7 + 57 + -57 + (1 - 8).
0
2 + -6 + 32 - (79 - 75)
24
What is the value of -17 + (-1 - (-6 - 6)) + -5?
-11
Evaluate 1 + 1 + (25 - 25) + 24.
26
What is the value of (-20 - (-21 - 12)) + -3?
10
Calculate 2 - 7 - ((9 - -3) + -24).
7
What is 26 + -19 + (2 + 1 - -1) + -48?
-37
Evaluate (1 + -1 - -6) + -5 + -7 + 3.
-3
What is the value of (-5 - -16) + -14 - (-3 + -2)?
2
What is (-3 - -8) + (9 + -17 - -17)?
14
What is 3 + 6 - (43 + -30)?
-4
0 + 32 - (102 - 79 - (-1 - -17))
25
-16 + 12 + 16 - 22
-10
Calculate -1 + (-8 + -6 - -7) + 18.
10
Calculate (1 - (0 - -2)) + -1 + (-6 - 15).
-23
What is 1381 + -1376 + (-10 - -1) + -1?
-5
What is the value of -4 - (10 - (-1 + (-2 - -12)))?
-5
7 - ((1 - (6 - -1)) + 18)
-5
Evaluate 6 - (4 - (1 - 3 - (7 + -2))).
-5
What is the value of -1 - (-216 - -175 - (3 + -4 + -3))?
36
Calculate 25 - (-3 + 1) - (55 + -29 - 32).
33
3 + ((3 - -1) + -11 + 11 - -1)
8
What is the value of 190 + -183 - (3 - 6)?
10
Calculate -2 - 10 - -9 - 0 - 6.
-9
What is the value of -107 + 119 - (12 + 1)?
-1
What is (-15 + 4 - -6 - -3) + 29?
27
7 + 0 - (9 - -14) - -3
-13
What is the value of 0 + 3 + -32 + 21 - (-10 - -4)?
-2
What is the value of 19 - 19 - (42 + 0) - (-60 - -51)?
-33
Calculate (6 - (1 - 3)) + -27 + 7.
-12
Evaluate ((-20 - -20) + -4 + 1 - 2) + -8.
-13
What is (9 - (6 - -6 - -4)) + -2 + 26?
17
Evaluate -9 - 2 - (-45 + 37).
-3
-14 + (-9 - -21 - 3) - (-3 + -4)
2
4 + (18 + -14 - ((-5 - -17) + -3))
-1
Evaluate -88 - -92 - (-4 + 38 + -3 + 1).
-28
What is the value of (12 - 2) + (26 - (57 + -35))?
14
(9 - (14 + -8 - 0)) + 9
12
54 - 15 - (-5 + 23)
21
What is (-1 - -6) + 55 + -27 + -28 - 1?
4
-33 + -8 + 28 - -2
-11
What is the value of (152 - 140) + (1 - 6)?
7
Calculate (-2 - 28) + 11 + 36 + -15.
2
What is the value of -13 + (32 - (50 - 0))?
-31
(-7 - -9) + 9 + (22 - 15)
18
Calculate 26 + -18 + (4 - 6 - (-4 - -8)).
2
What is the value of 19 + -58 + (-33 - -61)?
-11
-5 - (-4 + -9 + 8) - 6
-6
19 - (-3 - -38) - -24
8
What is 7 + (2 - (-4 + 3 + 4 + -3))?
9
What is (-17 - (-12 - 5)) + -17 + 20?
3
Evaluate (-25 - -13) + 20 - ((23 - 2) + 0).
-13
1 + 1 - (-14 - (-7 - (-8 + 8)))
9
What is the value of 40 + 1 - (-2138 + 2188)?
-9
What is -5 + (-19 + 24 - (-16 - 1))?
17
29 - (39 + 25 + -20)
-15
What is (-3 - 1 - 10) + 4 + 2?
-8
Evaluate -2 - -10 - (-13 - (9 - 12) - -6).
12
-2 + 7 - (5 - 3 - 10)
13
(135 - 133) + -17 + (1 - -3)
-11
Calculate (36 - 39) + ((-1 - -1) + -4 - -2).
-5
What is -19 - (36 + -18 + -1)?
-36
Calculate -5 + -6 + 5 - (-11 - -6 - -9).
-10
Evaluate (17 - 5) + -7 + -5.
0
Evaluate 0 + 0 + -1 + 24 + -29.
-6
Calculate -4 - (6 - (22 + -10)).
2
-10 - (5 - (-11 - -24))
-2
12 + 35 + -45 + (-7 - -2)
-3
Calculate (-2 - (-6 + 1)) + 7 + (-5 - -7).
12
What is (24 - 9 - 2) + -41?
-28
What is -5 + 7 + 2 + -5 - (5 - -2)?
-8
Evaluate 32 + -33 - 1 - 0.
-2
Calculate 23 + (-4 - 12) + (-15 - 0).
-8
Calculate (2 + 1 - (10 - -19)) + (7 - 0).
-19
What is the value of -31 + 33 - ((-1 - -1) + 10 + -6)?
-2
What is the value of 8 - ((8 - 3) + (14 - 31))?
20
Evaluate 47 + -36 + (-12 - -2) + -6.
-5
What is 9 + -10 + 14 - 16?
-3
What is the value of 3 + (-21 - (36 + -26)) + (-1 - -1)?
-28
What is the value of 5 - ((-8 - -17) + -2 + -9)?
7
What is 10 + 0 + (4 - -1 - 29)?
-14
What is the value of (66 - (-50 + 106)) + 12 + 0 + 2?
24
Evaluate (17 - (5 + 5)) + -8.
-1
Calculate (-12 - (-3 + 8 + -4 + -8)) + 26.
21
What is the value of -10 - (-29 + 25 - 18)?
12
What is (14 - -1) + -4 - 13?
-2
Calculate -32 - ((-26 - 7) + -3).
4
-319 + 308 + (0 - (-12 - 1))
2
What is the value of 0 + -3 + -6 + 5?
-4
Calculate 26 + (-16 - (0 - 8)).
18
What is -4 - (-5 - (3 + -8 - -2))?
-2
(101 - 77) + (-16 - 14)
-6
Evaluate -1 + 0 - -7 - ((-10 - 4) + 31).
-11
What is the value of 0 + (7 + 2 - 3 - 10) + 4?
0
Evaluate (-4 - 7) + -28 + 42.
3
What is the value of -11 + 0 + 362 + -334?
17
Evaluate (-4 - (-3 + -1 - -3)) + -16 + 20.
1
Calculate -26 - (-19 + (-26 - -13) + 19).
-13
Evaluate -5 - ((-2 - 36) + 16).
17
26 + (-23 - 5) + -8
-10
-11 - (37 - (36 + 24))
12
Calculate 1 + 6 + -1 + -14.
-8
Calculate -11 + -4 + 11 + -11 + 13 - 0.
-2
What is 16 - (-9 + (10 - 7) + 5)?
17
What is the value of (-457 - -482) + -3 + -6?
16
Evaluate 0 + -10 + 23 + -4 + -8 + -5.
-4
What is 19 + 15 + -14 + 0 + -2?
18
What is 10 - (16 + -4 - (-13 - -19)) - -4?
8
Evaluate 21 + 4 + -28 + 1 + 4.
2
-33 + 34 + (1 - 8) + 1 - -13
8
-3 + 19 + -13 + -11 + -14
-22
Calculate (13 - (-2 - -8)) + -17.
-10
Calculate -4 + 0 - (-273 + 254).
15
Evaluate 0 + -1 + 6 + -1 - -3.
7
Calculate -12 + (-16 + 20 - (1 + 0 + -2)).
-7
Calculate (-21 - -12) + 0 + 11.
2
240 + -236 - (1 + 12)
-9
Evaluate (-37 - -133 - 116) + (1 - (-1 + 0)).
-18
Evaluate 4 - -17 - ((2 - 17) + 1 + 11).
24
What is -5 + -3 + (-3 - -1) + (-39 - -61)?
12
What is the value of (-17 - (16 - 20)) + -1?
-14
Calculate -2 - 8 - -11 - -12.
13
Calculate -8 + (-1 - (4 + -25 + 10)).
2
What is the value of -21 + -18 + 8 - -9?
-22
(9 - (7 - 0)) + 5 + 2
9
What is -3 + 5 - -6 - (0 - (-1 - 6))?
1
What is the value of 36 + (34 - 9) + -52?
9
-6 - -1 - (-8 - ((9 - 10) + 2))
4
Calculate -2 + 0 - 2 - ((-5 - -13) + -19).
7
What is 9 - (-16 + -27 - -33)?
19
(-20 - (-31 + 21)) + (-4 - (-2 - 1))
-11
What is -4 + 1 + 0 + -2 + -8 + 3?
-10
-2 + -2 + (4 - ((9 - 0) + -2))
-7
6 + -14 + 6 + (3 - -4) - 0
5
Evaluate 6 + (-6 + 1 - 2) + (15 - 7).
7
Evaluate (-10 - -9) + (-6 - (2 - 4)).
-5
What is the value of (-17 - -9) + 43 + -51?
-16
What is the value of 2 - 0 - 3 - -12?
11
1 + -7 + -3 + 4 + -5
-10
Calculate 1 + -16 - (-56 - (37 + -81)).
-3
Evaluate (58 - 14 - 30) + 3.
17
What is (12 - (0 - -6)) + (-3 - 16)?
-13
Calculate 7 + 6 + -1 + -28 + 7 + 15.
6
(-7 - -1 - 1) + 23
16
Evaluate (-20 - 1) + (33 - 25).
-13
What is (-6 + 6 - 3) + 5 + -2 + 3?
3
(-13 - (-18 + 24)) + 1
-18
What is -60 + 53 + -1 + 2 + 17?
11
What is -10 - (-2 + -5 + (0 - (-9 + 0)))?
-12
What is the value of (-12 + 5 - 1) + (6 - 5) + 1?
-6
Calculate 21 + -6 + (0 - -4).
19
What is the value of -3 + (10 - ((-4 - -9) + -4)) + 11?
17
-17 - (10 + -29) - (-1 - -2 - -7)
-6
What is the value of -16 + (-14 - -18) + 6 + -9?
-15
26 - (-39 + (-16 - -59))
22
What is the value of (-9 - 2) + (2 - -13)?
4
(